{"id":29,"date":"2019-01-13T12:50:38","date_gmt":"2019-01-13T11:50:38","guid":{"rendered":"http:\/\/wp.hifp.de\/?page_id=29"},"modified":"2025-09-30T21:54:13","modified_gmt":"2025-09-30T19:54:13","slug":"angebote","status":"publish","type":"page","link":"https:\/\/hifp.de\/?page_id=29","title":{"rendered":"Unsere Angebote"},"content":{"rendered":"\n<p>Unser Angebotsschwerpunkt ist die modulare Zusatzausbildung f\u00fcr P\u00e4dagogik bei Krankheit, die im Mai 2017 erstmals angeboten wurde. 2022 hat der dritte Durchgang begonnen. Seit 2024 werden keine weiteren modularen Angebote stattfinden.<\/p>\n\n\n\n<p>Es k\u00f6nnen aber Einzelbuchungen erfolgen.<br>Wir Vortr\u00e4ge und Workshops an, die auch einzeln f\u00fcr Gruppen ab 10 Personen gebucht werden k\u00f6nnen.<br>Stellen Sie sich Ihre Themen z.B. f\u00fcr schulinterne Fortbildungen aus unserem Angebot zusammen.<\/p>\n","protected":false},"excerpt":{"rendered":"<p>Unser Angebotsschwerpunkt ist die modulare Zusatzausbildung f\u00fcr P\u00e4dagogik bei Krankheit, die im Mai 2017 erstmals angeboten wurde. 2022 hat der dritte Durchgang begonnen. Seit 2024 werden keine weiteren modularen Angebote stattfinden. Es k\u00f6nnen aber Einzelbuchungen erfolgen.Wir Vortr\u00e4ge und Workshops an, die auch einzeln f\u00fcr Gruppen ab 10 Personen gebucht werden k\u00f6nnen.Stellen Sie sich Ihre Themen [&hellip;]<\/p>\n","protected":false},"author":1,"featured_media":0,"parent":0,"menu_order":0,"comment_status":"closed","ping_status":"closed","template":"page-angebote.php","meta":{"_acf_changed":false,"footnotes":""},"class_list":["post-29","page","type-page","status-publish","hentry"],"acf":[],"_links":{"self":[{"href":"https:\/\/hifp.de\/index.php?rest_route=\/wp\/v2\/pages\/29","targetHints":{"allow":["GET"]}}],"collection":[{"href":"https:\/\/hifp.de\/index.php?rest_route=\/wp\/v2\/pages"}],"about":[{"href":"https:\/\/hifp.de\/index.php?rest_route=\/wp\/v2\/types\/page"}],"author":[{"embeddable":true,"href":"https:\/\/hifp.de\/index.php?rest_route=\/wp\/v2\/users\/1"}],"replies":[{"embeddable":true,"href":"https:\/\/hifp.de\/index.php?rest_route=%2Fwp%2Fv2%2Fcomments&post=29"}],"version-history":[{"count":8,"href":"https:\/\/hifp.de\/index.php?rest_route=\/wp\/v2\/pages\/29\/revisions"}],"predecessor-version":[{"id":551,"href":"https:\/\/hifp.de\/index.php?rest_route=\/wp\/v2\/pages\/29\/revisions\/551"}],"wp:attachment":[{"href":"https:\/\/hifp.de\/index.php?rest_route=%2Fwp%2Fv2%2Fmedia&parent=29"}],"curies":[{"name":"wp","href":"https:\/\/api.w.org\/{rel}","templated":true}]}}